NOAA Reports/Αναφορές NOAA

Select a Year or Month report
2017 > Jan Feb Mar Apr May Jun Jul Aug Sep Oct Nov Dec
2016 > Jan Feb Mar Apr May Jun Jul Aug Sep Oct Nov Dec

Report for 2017 09
                   MONTHLY CLIMATOLOGICAL SUMMARY for SEP. 2017

NAME: Hondros Weather Station   CITY: Hondros   STATE: Greece 
ELEV:   420 m  LAT:  35 00' 00" N  LONG:  25 24' 00" E

                   TEMPERATURE (C), RAIN  (mm), WIND SPEED (km/hr)

                                      HEAT  COOL        AVG
    MEAN                              DEG   DEG         WIND                 DOM
DAY TEMP  HIGH   TIME   LOW    TIME   DAYS  DAYS  RAIN  SPEED HIGH   TIME    DIR
------------------------------------------------------------------------------------
 1  22.9  27.8   14:25  19.2    2:45   0.0   4.6   0.0  13.4  40.2    4:30   NNW
 2  25.3  31.5   15:15  15.0    4:25   0.3   7.2   0.0   8.2  32.2   10:10   NNW
 3  28.1  33.7   12:20  20.7    4:25   0.0   9.7   0.0   8.5  30.6    1:25   NNW
 4  25.7  31.6   10:55  18.8    7:10   0.0   7.4   0.0   5.5  24.1    9:40   NNW
 5  21.8  27.5   15:45  12.6    7:15   1.3   4.7   0.0   6.6  27.4   23:45    NE
 6  22.7  25.8   11:10  19.2   21:05   0.0   4.4   0.0  13.0  45.1    7:55   NNW
 7  22.0  28.2   14:45  15.4   23:40   0.2   3.9   0.0  10.0  37.0    4:50   NNW
 8  19.2  26.1   14:15  10.8    7:05   2.0   2.9   0.0   4.0  20.9   12:05   SSE
 9  21.8  28.1   13:20  14.0    4:05   0.8   4.3   0.0   3.9  19.3   13:55    NE
10  25.2  34.9   15:30  16.5    6:15   0.2   7.1   0.0   3.1  20.9   17:15    NE
11  25.5  33.8   12:15  17.1    6:25   0.1   7.3   0.0   3.7  25.7   15:20    NE
12  24.0  31.1   12:05  17.7   00:00   0.0   5.7   0.0   5.1  25.7    9:10    NE
13  22.2  30.0   15:30  14.4    6:25   0.9   4.7   0.2   5.0  29.0   13:20   NNW
14  25.6  30.1   15:45  20.2    3:40   0.0   7.3   0.0  11.1  40.2   15:20   NNW
15  25.7  31.2   14:40  20.9    0:35   0.0   7.4   0.0   8.0  32.2   17:05   NNW
16  24.2  31.4   15:45  13.6    7:20   0.6   6.5   0.0   6.9  33.8   16:45   NNW
17  23.8  31.9   14:25  13.7    7:10   0.6   6.1   0.0   6.6  40.2   14:55   NNW
18  28.0  36.3   14:15  16.9    2:15   0.1   9.8   0.0   6.8  32.2    9:30   NNW
19  30.8  36.8   12:55  21.2   23:55   0.0  12.5   0.0   6.9  29.0   16:55   NNW
20  25.5  34.3   14:35  17.5    4:50   0.1   7.3   0.0   3.5  22.5   10:20    NE
21  22.7  27.5   15:05  19.3    6:20   0.0   4.4   0.0   9.3  30.6   10:05   NNW
22  20.8  25.3   13:45  18.3    4:40   0.0   2.5   0.0  12.2  40.2    5:10   NNE
23  19.9  24.0   14:00  14.0    6:05   0.5   2.2   0.0   5.3  24.1   14:00   NNW
24  20.9  25.2   15:05  17.1    4:30   0.1   2.1   0.0   9.8  32.2    6:15   NNW
25
26
27
28
29
30
-------------------------------------------------------------------------------------
    23.9  36.8    19    10.8     8     7.7 142.1   0.2   7.4  45.1     6     NNW

Max >=  32.0:  6
Max <=   0.0:  0
Min <=   0.0:  0
Min <= -18.0:  0
Max Rain: 0.20 ON 13/09/17
Days of Rain: 1 (> .2 mm) 0 (> 2 mm) 0 (> 20 mm)
Heat Base:  18.3  Cool Base:  18.3  Method: Integration