NOAA Reports/Αναφορές NOAA

Select a Year or Month report
2017 > Jan Feb Mar Apr May Jun Jul Aug Sep Oct Nov Dec
2016 > Jan Feb Mar Apr May Jun Jul Aug Sep Oct Nov Dec

Report for 2017 11
                   MONTHLY CLIMATOLOGICAL SUMMARY for NOV. 2017

NAME: Hondros Weather Station   CITY: Hondros   STATE: Greece 
ELEV:   420 m  LAT:  35 00' 00" N  LONG:  25 24' 00" E

                   TEMPERATURE (C), RAIN  (mm), WIND SPEED (km/hr)

                                      HEAT  COOL        AVG
    MEAN                              DEG   DEG         WIND                 DOM
DAY TEMP  HIGH   TIME   LOW    TIME   DAYS  DAYS  RAIN  SPEED HIGH   TIME    DIR
------------------------------------------------------------------------------------
 1  13.9  17.5   12:40  11.4    3:35   4.4   0.0   0.0  10.9  38.6   14:05   NNW
 2  12.8  16.3   13:40  10.2   22:35   5.5   0.0   0.0  12.7  40.2   11:35   NNW
 3  13.8  18.5   13:10   8.6   00:00   4.5   0.0   0.0   5.0  32.2   13:50   NNW
 4  13.4  19.2   12:50   7.5    2:35   4.9   0.0   2.8   6.8  40.2   20:35   NNW
 5  14.0  16.6   13:10  12.6    0:20   4.3   0.0   0.0  14.5  46.7   11:55   NNW
 6  12.7  18.6   14:25   6.2   23:10   5.6   0.0   0.0   4.3  24.1    0:10   NNW
 7  11.4  18.7   14:50   4.7    5:05   6.9   0.0   0.0   2.3  19.3   12:20    NE
 8  13.3  20.3   14:15   7.3    6:45   5.3   0.4   0.4   2.4  17.7   11:35    NE
 9  14.1  20.4   11:10   7.8    6:45   4.5   0.3   0.0   3.9  24.1    9:10    NE
10  14.6  20.5   13:10   8.2   21:45   3.9   0.2   0.0   4.8  29.0    9:00    NE
11  12.3  19.3   13:05   5.5    6:40   6.1   0.1   0.0   2.4  20.9   11:55    NE
12  14.3  17.9   12:05   8.8    0:45   3.9   0.0   0.0   7.2  37.0   21:00    SE
13  15.2  18.1   13:20  10.2   21:15   3.1   0.0   1.2  10.5  51.5    9:40    SE
14  14.2  19.4   13:40   7.0    6:40   4.2   0.1   0.2   3.1  22.5   12:05   ESE
15  17.3  19.7   12:35  15.7   21:25   1.1   0.2   0.2   6.8  29.0    8:10   SSE
16  16.4  19.0   11:05  11.5    6:10   2.0   0.0   0.0   5.6  25.7   22:25    SE
17  14.9  19.1   15:25   7.7   00:00   3.4   0.0   1.4   5.5  30.6    8:30   ESE
18  12.3  18.9   13:30   7.7    0:05   6.0   0.0   0.2   1.9  24.1   11:45    NE
19  11.9  12.8    4:55  10.8    2:35   1.3   0.0   0.2   2.1  14.5    3:55   NNW
20
21
22
23
24
25
26
27
28
29
30
-------------------------------------------------------------------------------------
    13.9  20.5    10     4.7     7    80.8   1.3   6.6   5.9  51.5    13     NNW

Max >=  32.0:  0
Max <=   0.0:  0
Min <=   0.0:  0
Min <= -18.0:  0
Max Rain: 2.79 ON 04/11/17
Days of Rain: 8 (> .2 mm) 1 (> 2 mm) 0 (> 20 mm)
Heat Base:  18.3  Cool Base:  18.3  Method: Integration